{"id":42,"date":"2024-06-12T15:41:05","date_gmt":"2024-06-12T13:41:05","guid":{"rendered":"https:\/\/izerskazagroda.pl\/?page_id=42"},"modified":"2025-01-18T16:11:17","modified_gmt":"2025-01-18T15:11:17","slug":"o-nas","status":"publish","type":"page","link":"https:\/\/izerskazagroda.pl\/?page_id=42","title":{"rendered":"Witaj w Izerskiej Zagrodzie."},"content":{"rendered":"\n<p><\/p>\n\n\n\n<p>Trafili\u015bmy do Gierczyna jako tury\u015bci zachwyceni tutejsz\u0105, g\u00f3rsk\u0105 przyrod\u0105 i po dw\u00f3ch sezonach sp\u0119dzania lata pod namiotem, pij\u0105c wod\u0119 ze strumyka, ogrzewaj\u0105c si\u0119 wieczorami przy ognisku i pas\u0105c nasze konie na \u0142\u0105kach izerskich, powoli oswajali\u015bmy sw\u00f3j \u201edziki zach\u00f3d\u201d. Najpierw powsta\u0142a wiata dla koni. Potem ma\u0142y, drewniany domek z bala. Po dw\u00f3ch nast\u0119pnych latach stajnia po\u0142\u0105czona z koziarni\u0105, no i wreszcie nasz obecny, du\u017cy dom, kt\u00f3rym dzielimy si\u0119 z turystami.<\/p>\n\n\n\n<p>Ewa i Wojtek Flach<\/p>\n\n\n\n<p><\/p>\n\n\n\n<p><\/p>\n\n\n\n<p><\/p>\n\n\n\n<p><\/p>\n\n\n<div class=\"wp-block-image\">\n<figure class=\"aligncenter size-large is-resized\"><img loading=\"lazy\" decoding=\"async\" width=\"1024\" height=\"576\" src=\"https:\/\/izerskazagroda.pl\/wp-content\/uploads\/2024\/06\/o-nas-1024x576.jpg\" alt=\"\" class=\"wp-image-98\" style=\"width:1342px;height:auto\" srcset=\"https:\/\/izerskazagroda.pl\/wp-content\/uploads\/2024\/06\/o-nas-1024x576.jpg 1024w, https:\/\/izerskazagroda.pl\/wp-content\/uploads\/2024\/06\/o-nas-300x169.jpg 300w, https:\/\/izerskazagroda.pl\/wp-content\/uploads\/2024\/06\/o-nas-768x432.jpg 768w, https:\/\/izerskazagroda.pl\/wp-content\/uploads\/2024\/06\/o-nas-1536x864.jpg 1536w, https:\/\/izerskazagroda.pl\/wp-content\/uploads\/2024\/06\/o-nas-1140x641.jpg 1140w, https:\/\/izerskazagroda.pl\/wp-content\/uploads\/2024\/06\/o-nas.jpg 2000w\" sizes=\"auto, (max-width: 1024px) 100vw, 1024px\" \/><\/figure>\n<\/div>","protected":false},"excerpt":{"rendered":"<p>Trafili\u015bmy do Gierczyna jako tury\u015bci zachwyceni tutejsz\u0105, g\u00f3rsk\u0105 przyrod\u0105 i po dw\u00f3ch sezonach sp\u0119dzania lata pod namiotem, pij\u0105c wod\u0119 ze strumyka, ogrzewaj\u0105c si\u0119 wieczorami przy ognisku i pas\u0105c nasze konie na \u0142\u0105kach izerskich, powoli oswajali\u015bmy sw\u00f3j \u201edziki zach\u00f3d\u201d. Najpierw powsta\u0142a wiata dla koni. Potem ma\u0142y, drewniany domek z bala. Po dw\u00f3ch nast\u0119pnych latach stajnia po\u0142\u0105czona z koziarni\u0105, no i wreszcie nasz obecny, du\u017cy dom, kt\u00f3rym dzielimy si\u0119 z turystami. Ewa i Wojtek Flach<\/p>\n","protected":false},"author":2,"featured_media":0,"parent":0,"menu_order":0,"comment_status":"closed","ping_status":"closed","template":"","meta":{"footnotes":""},"class_list":["post-42","page","type-page","status-publish","hentry"],"_links":{"self":[{"href":"https:\/\/izerskazagroda.pl\/index.php?rest_route=\/wp\/v2\/pages\/42","targetHints":{"allow":["GET"]}}],"collection":[{"href":"https:\/\/izerskazagroda.pl\/index.php?rest_route=\/wp\/v2\/pages"}],"about":[{"href":"https:\/\/izerskazagroda.pl\/index.php?rest_route=\/wp\/v2\/types\/page"}],"author":[{"embeddable":true,"href":"https:\/\/izerskazagroda.pl\/index.php?rest_route=\/wp\/v2\/users\/2"}],"replies":[{"embeddable":true,"href":"https:\/\/izerskazagroda.pl\/index.php?rest_route=%2Fwp%2Fv2%2Fcomments&post=42"}],"version-history":[{"count":6,"href":"https:\/\/izerskazagroda.pl\/index.php?rest_route=\/wp\/v2\/pages\/42\/revisions"}],"predecessor-version":[{"id":337,"href":"https:\/\/izerskazagroda.pl\/index.php?rest_route=\/wp\/v2\/pages\/42\/revisions\/337"}],"wp:attachment":[{"href":"https:\/\/izerskazagroda.pl\/index.php?rest_route=%2Fwp%2Fv2%2Fmedia&parent=42"}],"curies":[{"name":"wp","href":"https:\/\/api.w.org\/{rel}","templated":true}]}}